 of t and 13.
13
Let k be -1*(-4)/(12/15). Suppose 4*r = w - 18 + 1, -2*r + k = w. Let q be (-21)/105 + (-496)/(-5). What is the highest common divisor of q and w?
9
Let w = -12 + 35. Let h be (9 - 1845/(-25))*(-10)/(-4). Calculate the highest common factor of h and w.
23
Suppose 74 = 3*b - 2*w, 4*b - 86 = b - 4*w. Let l = -14 + b. Let r(q) = 186*q - 708. Let v be r(4). Calculate the highest common divisor of v and l.
12
Let o be (-2)/8*-1 + (-3340)/(-16). What is the highest common divisor of o and 11?
11
Let s be (-897)/(-2) + (1470/(-28))/(-35). What is the greatest common divisor of 250 and s?
50
Let o = -33 - 27. Let u be (-7210)/o - 1/6. What is the highest common factor of u and 24?
24
Suppose 20*g - 24*g = -4. Suppose -g = -p, -2*p = 5*d + p - 143. Calculate the highest common divisor of d and 21.
7
Let d = 354 - 282. Let l be (1 - 2)/((-2)/2). Let m be 2*5 - (1 + l). What is the greatest common divisor of m and d?
8
Let r = 66 - -24. Let t = 60 - -34. Suppose 4*k + 22 = t. What is the highest common factor of r and k?
18
Let x(z) = -z**2 - 7*z - 9. Let s be x(-3). Suppose -s*d + 8*d = 5. What is the greatest common factor of 2 and d?
1
Suppose -7689 = 43*n - 39036. Calculate the highest common divisor of 27 and n.
27
Let s = -49 - -81. Let w = s + -30. Suppose -w*b - 5 = -13. What is the highest common factor of b and 4?
4
Let j be 3/(-12) - 63/(-12). Suppose 31 = 5*f - f - 3*y, -5 = 5*f + j*y. Suppose 6*v = -44 + 308. Calculate the greatest common divisor of f and v.
4
Suppose 10*j - 5*j - y - 71 = 0, 0 = 5*j + 5*y - 95. Let z = -49 + 94. Calculate the greatest common factor of j and z.
15
Let w be (-2 + 0)/(-2) - (-5 - -3). Suppose -a = a - w*d - 29, 3*d - 41 = -5*a. What is the greatest common divisor of 90 and a?
10
Let k = 677 + -662. Calculate the highest common divisor of k and 40.
5
Suppose 0 = 3*x - 5 - 10. Suppose n = 4, -3*n - 108 = -x*w - 0*n. Let q(o) = -o**3 - o - 2. Let r be q(-2). What is the highest common divisor of w and r?
8
Suppose 0 = -28*l + 564 + 1676. Calculate the greatest common divisor of 176 and l.
16
Let n(t) = -15*t + 21. Let q be n(-1). Calculate the greatest common divisor of 72 and q.
36
Suppose -25*s + 24*s + 154 = 0. What is the greatest common divisor of s and 56?
14
Suppose z + 5*u = -124, -1 = -5*u - 21. Let v = 115 + z. What is the highest common divisor of v and 77?
11
Let j be (2/(-4))/1*-36. Let n be (1 + -28)*7/(-21). Suppose -n*t = -8*t - j. Calculate the highest common factor of 18 and t.
18
Let n(r) = 39*r + 496. Let t be n(-5). Calculate the highest common divisor of 86 and t.
43
Let v(g) = -4*g**3 - 2*g - 1. Let d be v(-1). Let c = -1591 + 1601. Calculate the highest common factor of d and c.
5
Suppose 6*d = 3051 + 351. Suppose 30*t = 33*t - d. What is the greatest common divisor of t and 21?
21
Let w(j) = j**3 + 13*j**2 - 17*j + 13. Let r be w(-14). Let i = -30 + r. What is the highest common divisor of 5 and i?
5
Let b(m) = 4*m - 26. Let v(s) = s + 1. Let w(h) = -b(h) + 5*v(h). Let l be w(14). What is the highest common factor of 5 and l?
5
Suppose c = -3*c + 560. Let d(f) = 2*f + 20. Let k(j) = -j**2 + j. Let m be k(1). Let n be d(m). What is the greatest common divisor of n and c?
20
Let c be (0/(-8))/(2*-2). Let g(o) = -o + 12 + 4*o + o**2 - 5*o. Let h be g(c). Calculate the highest common divisor of 36 and h.
12
Suppose -151 = 12*n - 415. Calculate the greatest common divisor of 5654 and n.
22
Suppose 0 = 14*a - 10*a + 16. Let t be 3*(a/(-8))/((-3)/(-88)). Let s be (21/(-9) + 3)*6. Calculate the highest common divisor of t and s.
4
Suppose -5*u - 40 = 2*j - 1160, -5*j = u - 224. What is the greatest common divisor of 7 and u?
7
Let b be 27/((-1323)/14) + 359/7. Calculate the greatest common factor of 867 and b.
51
Let s = 3 + -3. Let q = 2 - s. Suppose q*d = -3*d + 420. Calculate the highest common factor of 12 and d.
12
Let q(c) = -44*c + 12. Let k be q(-18). What is the highest common divisor of 12 and k?
12
Let j be (-10)/((-6)/(-15)*-1). Let c = j - 22. Calculate the greatest common factor of c and 21.
3
Suppose 13 + 1 = 2*m. Suppose 88 = -3*z + 256. What is the highest common factor of m and z?
7
Let p = -9 + 27. Suppose p*q - 60 = 13*q. Calculate the greatest common divisor of 84 and q.
12
Let j(h) = -2*h + 15. Let t be j(3). What is the highest common divisor of 36 and t?
9
Let q be (-12 - 35796/(-84)) + 2/(-14). What is the highest common divisor of 18 and q?
18
Let f(b) = 3*b**2 + 45*b + 92. Let n be f(-16). Calculate the highest common factor of 100 and n.
20
Let j = 25 + -15. Suppose 36 = 3*x - 828. Let w = -178 + x. What is the highest common factor of j and w?
10
Let n(v) = -v - 1. Let b(a) = 2*a + 3. Let u(r) = -4*b(r) - 12*n(r). Let t be u(15). What is the greatest common factor of 20 and t?
20
Suppose 0 = 74*w - 58*w - 144. Let t be 2/(-4) + 254/4. What is the greatest common factor of t and w?
9
Let k(r) = r**2 + r + 3. Let z be k(3). Let d = 45 - z. Let l(j) = 3*j - 6. Let s be l(6). What is the greatest common divisor of d and s?
6
Let b be (-4)/8*(-9 + -13). Let q(a) = 55*a**2 + a - 2. Let w be q(2). What is the greatest common factor of b and w?
11
Let p(r) be the first derivative of r**2/2 + 2*r + 2. Let x be ((-10)/15)/(2/(-42)) - 3. Let a be p(x). What is the greatest common divisor of 143 and a?
13
Suppose -4*o - v = -67, -6*o + 5*v + 97 = -2*o. What is the greatest common divisor of o and 144?
18
Let i = 1021 - 636. What is the highest common divisor of i and 35?
35
Let y(m) = 3*m**2 + 4*m - 15. Let x be y(5). Calculate the greatest common divisor of x and 35.
5
Let y be 132/(-5)*(-3)/((-54)/(-60)). What is the greatest common factor of y and 11?
11
Let g(w) = w**2 + w + 7. Let u be g(0). Suppose -2*l + u = 1. What is the greatest common divisor of l and 27?
3
Let k be (4 - ((-76)/(-12) - 1))*-3. Suppose -2 = r, r - 3*r - 24 = 5*i. Let g be 17 - (-6 - -3 - i). Calculate the highest common divisor of k and g.
4
Let v be (0 + -69)*4/3. Suppose -y = -4*y + 666. Let n = v + y. What is the highest common factor of n and 52?
26
Suppose 11 = -v - 5*i + 40, 3*v - 43 = -4*i. Calculate the highest common divisor of 63 and v.
9
Suppose 3*j + 70 = p - 0*p, 4*p + 2*j - 224 = 0. Let s = 78 - p. Calculate the greatest common divisor of 140 and s.
20
Suppose 23*w + 11455 - 28199 = 0. Calculate the greatest common factor of w and 28.
28
Let b(z) be the second derivative of z**3/6 - z**2/2 + 22*z. Let l be b(4). What is the greatest common factor of 21 and l?
3
Suppose 192 = u + 3*u. Let o = -26 + u. Calculate the highest common divisor of o and 220.
22
Suppose 3*g - 4*p = -g + 628, p + 3 = 0. Let l = 6 + 8. Calculate the highest common divisor of l and g.
14
Suppose -b - 5 = 4*b - 5*h, 3*b = -h + 9. Suppose 472 = b*j + 2*d - 0*d, -5*j = -5*d - 1130. What is the greatest common factor of j and 21?
21
Let k = -676 - -1196. Calculate the highest common factor of k and 40.
40
Suppose 15045 = -14*h + 65*h. What is the highest common divisor of 59 and h?
59
Let i(b) = -b**3 + 14*b**2 + 20*b - 26. Let l be i(13). What is the highest common divisor of 13 and l?
13
Let p = 14 - 9. Suppose 0*f + 7 = f - 4*b, -p*f = 5*b - 85. What is the greatest common factor of f and 75?
15
Suppose 7*k - 3*k = 80. Suppose 0 = -5*x + x + 4. Let l = x + 4. Calculate the highest common divisor of l and k.
5
Let d = -276 + 296. What is the greatest common divisor of 60 and d?
20
Let h(y) = -y**2 + 15*y - 38. Let n(o) = o**2 - 15*o + 38. Let w(m) = 2*h(m) + 3*n(m). Let s be w(14). What is the highest common factor of 240 and s?
24
Let d(m) = m**2 - 34*m + 211. Let q be d(7). Calculate the greatest common divisor of 8 and q.
2
Suppose 10 = -4*x + 450. Suppose -m + 5*m - 144 = 0. Let h = -14 + m. What is the highest common divisor of x and h?
22
Let f be (((-2660)/15)/(-7))/(11/99). Calculate the greatest common divisor of 57 and f.
57
Let z be (-1)/(2 + (-5)/2) - 0. Let b be z/(-14) - (-29529)/119. Let h be ((-62)/4)/(3/(-6)). What is the highest common divisor of h and b?
31
Let r(d) = 17*d - 26. Let q be r(2). What is the highest common divisor of q and 2?
2
Let w(s) = -4*s**2 - 61*s. Let u be w(-15). Calculate the greatest common divisor of u and 85.
5
Suppose 11*k - 12*k - 5 = 0, -5*k - 61 = -2